{"id":544,"date":"2020-05-14T21:46:38","date_gmt":"2020-05-14T19:46:38","guid":{"rendered":"https:\/\/dksb.bankiva.de\/?page_id=544"},"modified":"2020-05-14T21:57:57","modified_gmt":"2020-05-14T19:57:57","slug":"angebot-schulbegleitung-inklusionsbegleitung","status":"publish","type":"page","link":"https:\/\/www.dksb-wesel.de\/index.php\/angebot-schulbegleitung-inklusionsbegleitung\/","title":{"rendered":"Angebot: Schulbegleitung\/Inklusionsbegleitung"},"content":{"rendered":"\n<h2 class=\"has-text-align-center wp-block-heading\">Schul-\/Inklusionsbegleitung<\/h2>\n\n\n\n<p class=\"has-text-align-center\">Schulbegleitung\/Inklusionsbegleitung f\u00fcr Kinder und Jugendliche mit geistiger und k\u00f6rperlicher Behinderung oder seelischer oder drohender seelischer Behinderung ist von dem Erziehungsberechtigten beim zust\u00e4ndigen Sozialhilfetr\u00e4ger zu beantragen.<\/p>\n\n\n\n<p class=\"has-text-align-center\">Diese Unterst\u00fctzung durch Eingliederungshilfe bzw. Kinder- und Jugendhilfe richtet sich in erster Linie an f\u00f6rderungsbed\u00fcrftige Kinder, die an einer Regelschule unterrichtet werden. Unsere Schulbegleiter leisten individuelle Hilfe im Schulalltag und im Unterricht, auf der Kommunikationsebene und im psychosozialen Bereich.<\/p>\n","protected":false},"excerpt":{"rendered":"<p>Schul-\/Inklusionsbegleitung Schulbegleitung\/Inklusionsbegleitung f\u00fcr Kinder und Jugendliche mit geistiger und k\u00f6rperlicher Behinderung oder seelischer oder drohender seelischer Behinderung ist von dem Erziehungsberechtigten beim zust\u00e4ndigen Sozialhilfetr\u00e4ger zu beantragen. Diese Unterst\u00fctzung durch Eingliederungshilfe bzw. Kinder- und Jugendhilfe richtet sich in erster Linie an f\u00f6rderungsbed\u00fcrftige Kinder, die an einer Regelschule unterrichtet werden. Unsere Schulbegleiter leisten individuelle Hilfe im Schulalltag&hellip; <br \/> <a class=\"read-more\" href=\"https:\/\/www.dksb-wesel.de\/index.php\/angebot-schulbegleitung-inklusionsbegleitung\/\">Read more<\/a><\/p>\n","protected":false},"author":1,"featured_media":0,"parent":0,"menu_order":0,"comment_status":"closed","ping_status":"closed","template":"pro\/page-templates\/landing-page.php","meta":{"footnotes":""},"class_list":["post-544","page","type-page","status-publish","hentry"],"_links":{"self":[{"href":"https:\/\/www.dksb-wesel.de\/index.php\/wp-json\/wp\/v2\/pages\/544","targetHints":{"allow":["GET"]}}],"collection":[{"href":"https:\/\/www.dksb-wesel.de\/index.php\/wp-json\/wp\/v2\/pages"}],"about":[{"href":"https:\/\/www.dksb-wesel.de\/index.php\/wp-json\/wp\/v2\/types\/page"}],"author":[{"embeddable":true,"href":"https:\/\/www.dksb-wesel.de\/index.php\/wp-json\/wp\/v2\/users\/1"}],"replies":[{"embeddable":true,"href":"https:\/\/www.dksb-wesel.de\/index.php\/wp-json\/wp\/v2\/comments?post=544"}],"version-history":[{"count":1,"href":"https:\/\/www.dksb-wesel.de\/index.php\/wp-json\/wp\/v2\/pages\/544\/revisions"}],"predecessor-version":[{"id":546,"href":"https:\/\/www.dksb-wesel.de\/index.php\/wp-json\/wp\/v2\/pages\/544\/revisions\/546"}],"wp:attachment":[{"href":"https:\/\/www.dksb-wesel.de\/index.php\/wp-json\/wp\/v2\/media?parent=544"}],"curies":[{"name":"wp","href":"https:\/\/api.w.org\/{rel}","templated":true}]}}