{"id":541,"date":"2020-05-14T21:45:40","date_gmt":"2020-05-14T19:45:40","guid":{"rendered":"https:\/\/dksb.bankiva.de\/?page_id=541"},"modified":"2020-05-14T21:57:46","modified_gmt":"2020-05-14T19:57:46","slug":"angebot-paedagogische-lernhilfe","status":"publish","type":"page","link":"https:\/\/www.dksb-wesel.de\/index.php\/angebot-paedagogische-lernhilfe\/","title":{"rendered":"Angebot: P\u00e4dagogische Lernhilfe"},"content":{"rendered":"\n<h2 class=\"has-text-align-center wp-block-heading\">P\u00e4dagogische Lernhilfe<\/h2>\n\n\n\n<p class=\"has-text-align-center\">Die Lernhilfe soll Kinder und Jugendliche, die problematisches Lern- und Sozialverhalten und schwache Schulleistungen zeigen, dabei unterst\u00fctzen individuelle Lernhemmnisse und beim Lernen auftretende Verhaltensauff\u00e4lligkeiten abzubauen und selbstst\u00e4ndiges Lernen zu entwickeln.<\/p>\n\n\n\n<p class=\"has-text-align-center\">Die P\u00e4dagogische Lernhilfe arbeitet rein sozialp\u00e4dagogisch und unterscheidet sich damit von Angeboten wie Hausaufgabenbetreuung, Nachhilfeunterricht oder F\u00f6rderkursen.<\/p>\n\n\n\n<p class=\"has-text-align-center\">Nach Beauftragung durch das Jugendamt arbeiten bei uns ErzieherInnen, LehrerInnen oder Sozialp\u00e4dagogInnen mit den Kindern und Jugendlichen.<\/p>\n","protected":false},"excerpt":{"rendered":"<p>P\u00e4dagogische Lernhilfe Die Lernhilfe soll Kinder und Jugendliche, die problematisches Lern- und Sozialverhalten und schwache Schulleistungen zeigen, dabei unterst\u00fctzen individuelle Lernhemmnisse und beim Lernen auftretende Verhaltensauff\u00e4lligkeiten abzubauen und selbstst\u00e4ndiges Lernen zu entwickeln. Die P\u00e4dagogische Lernhilfe arbeitet rein sozialp\u00e4dagogisch und unterscheidet sich damit von Angeboten wie Hausaufgabenbetreuung, Nachhilfeunterricht oder F\u00f6rderkursen. Nach Beauftragung durch das Jugendamt arbeiten&hellip; <br \/> <a class=\"read-more\" href=\"https:\/\/www.dksb-wesel.de\/index.php\/angebot-paedagogische-lernhilfe\/\">Read more<\/a><\/p>\n","protected":false},"author":1,"featured_media":0,"parent":0,"menu_order":0,"comment_status":"closed","ping_status":"closed","template":"pro\/page-templates\/landing-page.php","meta":{"footnotes":""},"class_list":["post-541","page","type-page","status-publish","hentry"],"_links":{"self":[{"href":"https:\/\/www.dksb-wesel.de\/index.php\/wp-json\/wp\/v2\/pages\/541","targetHints":{"allow":["GET"]}}],"collection":[{"href":"https:\/\/www.dksb-wesel.de\/index.php\/wp-json\/wp\/v2\/pages"}],"about":[{"href":"https:\/\/www.dksb-wesel.de\/index.php\/wp-json\/wp\/v2\/types\/page"}],"author":[{"embeddable":true,"href":"https:\/\/www.dksb-wesel.de\/index.php\/wp-json\/wp\/v2\/users\/1"}],"replies":[{"embeddable":true,"href":"https:\/\/www.dksb-wesel.de\/index.php\/wp-json\/wp\/v2\/comments?post=541"}],"version-history":[{"count":1,"href":"https:\/\/www.dksb-wesel.de\/index.php\/wp-json\/wp\/v2\/pages\/541\/revisions"}],"predecessor-version":[{"id":543,"href":"https:\/\/www.dksb-wesel.de\/index.php\/wp-json\/wp\/v2\/pages\/541\/revisions\/543"}],"wp:attachment":[{"href":"https:\/\/www.dksb-wesel.de\/index.php\/wp-json\/wp\/v2\/media?parent=541"}],"curies":[{"name":"wp","href":"https:\/\/api.w.org\/{rel}","templated":true}]}}