{"id":526,"date":"2020-05-14T21:41:25","date_gmt":"2020-05-14T19:41:25","guid":{"rendered":"https:\/\/dksb.bankiva.de\/?page_id=526"},"modified":"2021-11-02T23:25:58","modified_gmt":"2021-11-02T22:25:58","slug":"angebot-sozialpaedagogische-familienhilfe","status":"publish","type":"page","link":"https:\/\/www.dksb-wesel.de\/index.php\/angebot-sozialpaedagogische-familienhilfe\/","title":{"rendered":"Angebot: Sozialp\u00e4dagogische Familienhilfe"},"content":{"rendered":"\n<h2 class=\"has-text-align-center wp-block-heading\">Sozialp\u00e4dagogische Familienhilfe<\/h2>\n\n\n\n<p class=\"has-text-align-center\">Im Auftrag der Jugend\u00e4mter bieten wir diese professionelle Hilfeleistung an.<br>Ein Angebot, dass sich an Familien und Alleinerziehende richtet. Auf der Grundlage eines<br>zuvor erarbeiteten Hilfeplans soll eine schwierige Familiensituation positiv ver\u00e4ndert<br>werden. Unsere ausgebildeten und erfahrenen Fachkr\u00e4fte unterst\u00fctzen, beraten und<br>begleiten hier bei Erziehungsfragen, Alltagsproblemen, Krisen und Konflikten.<\/p>\n","protected":false},"excerpt":{"rendered":"<p>Sozialp\u00e4dagogische Familienhilfe Im Auftrag der Jugend\u00e4mter bieten wir diese professionelle Hilfeleistung an.Ein Angebot, dass sich an Familien und Alleinerziehende richtet. Auf der Grundlage eineszuvor erarbeiteten Hilfeplans soll eine schwierige Familiensituation positiv ver\u00e4ndertwerden. Unsere ausgebildeten und erfahrenen Fachkr\u00e4fte unterst\u00fctzen, beraten undbegleiten hier bei Erziehungsfragen, Alltagsproblemen, Krisen und Konflikten.<\/p>\n","protected":false},"author":1,"featured_media":0,"parent":0,"menu_order":0,"comment_status":"closed","ping_status":"closed","template":"pro\/page-templates\/landing-page.php","meta":{"footnotes":""},"class_list":["post-526","page","type-page","status-publish","hentry"],"_links":{"self":[{"href":"https:\/\/www.dksb-wesel.de\/index.php\/wp-json\/wp\/v2\/pages\/526","targetHints":{"allow":["GET"]}}],"collection":[{"href":"https:\/\/www.dksb-wesel.de\/index.php\/wp-json\/wp\/v2\/pages"}],"about":[{"href":"https:\/\/www.dksb-wesel.de\/index.php\/wp-json\/wp\/v2\/types\/page"}],"author":[{"embeddable":true,"href":"https:\/\/www.dksb-wesel.de\/index.php\/wp-json\/wp\/v2\/users\/1"}],"replies":[{"embeddable":true,"href":"https:\/\/www.dksb-wesel.de\/index.php\/wp-json\/wp\/v2\/comments?post=526"}],"version-history":[{"count":2,"href":"https:\/\/www.dksb-wesel.de\/index.php\/wp-json\/wp\/v2\/pages\/526\/revisions"}],"predecessor-version":[{"id":754,"href":"https:\/\/www.dksb-wesel.de\/index.php\/wp-json\/wp\/v2\/pages\/526\/revisions\/754"}],"wp:attachment":[{"href":"https:\/\/www.dksb-wesel.de\/index.php\/wp-json\/wp\/v2\/media?parent=526"}],"curies":[{"name":"wp","href":"https:\/\/api.w.org\/{rel}","templated":true}]}}