{"id":380,"date":"2020-05-14T09:40:12","date_gmt":"2020-05-14T07:40:12","guid":{"rendered":"https:\/\/dksb.bankiva.de\/?page_id=380"},"modified":"2020-05-14T16:46:14","modified_gmt":"2020-05-14T14:46:14","slug":"paedagogische-lernhilfe-plh","status":"publish","type":"page","link":"https:\/\/www.dksb-wesel.de\/index.php\/paedagogische-lernhilfe-plh\/","title":{"rendered":"P\u00e4dagogische Lernhilfe (PLH)"},"content":{"rendered":"\n<h2 class=\"has-text-align-center wp-block-heading\">P\u00e4dagogische Lernhilfe (PLH)<\/h2>\n\n\n\n<p class=\"has-text-align-center\">Im Auftrag der \u00f6ffentlichen Jugendhilfe (Jugend\u00e4mter) ist die P\u00e4dagogische Lernhilfe ein Hilfsangebot f\u00fcr Kinder und Jugendliche mit schulischen Problemen mit unterschiedlichen Ursachen. So gehen Probleme in der Schule oft einher mit massiven Verhaltensst\u00f6rungen. Durch intensive Einzelbetreuung des Kindes\/Jugendlichen in Form von mehrfach w\u00f6chentlich stattfindenden Kontakten werden Probleme im Leistungsbereich, Vorbereitungen auf Klassenarbeiten, Konflikte aus dem Bereich Schule bearbeitet sowie Defizite im Sozialverhalten aufgearbeitet. <\/p>\n\n\n\n<div style=\"height:20px\" aria-hidden=\"true\" class=\"wp-block-spacer\"><\/div>\n\n\n\n<p class=\"has-text-align-center\">Schwerpunkte der Arbeit k\u00f6nnen F\u00f6rderung bei Legastenie, Lese-Rechtschreibschw\u00e4che und Konzentrationsst\u00f6rungen sein. Aufbau und Stabilisierung der Lernmotivation ist dabei ebenso wichtig, wie die St\u00e4rkung des Selbstwertgef\u00fchls. Je nach dem im Jugendamt erteilten Auftrag findet die Hilfe in unseren R\u00e4umlichkeiten oder in der Familie statt. Intensiver Austausch zwischen Eltern und Fachkraft ist ebenso Bestandteil des Angebots wie Kontaktaufnahme zur Schule.<\/p>\n\n\n\n<hr class=\"wp-block-separator has-text-color has-background has-vivid-cyan-blue-background-color has-vivid-cyan-blue-color\"\/>\n\n\n\n<p class=\"has-text-align-center\"><strong>Ansprechpartnerin:<\/strong> Frau Ursula Bzodek<\/p>\n\n\n\n<p class=\"has-text-align-center\"><strong>B\u00fcrozeiten:<\/strong> Montag, 9:00 \u2013 13:00 Uhr oder nach Vereinbarung<\/p>\n\n\n\n<p class=\"has-text-align-center\"><strong>Telefon:<\/strong> 0281 \/ 3 39 50 \u2013 14<br><strong>E-Mail:<\/strong> plh@dksb-wesel.de<\/p>\n","protected":false},"excerpt":{"rendered":"<p>P\u00e4dagogische Lernhilfe (PLH) Im Auftrag der \u00f6ffentlichen Jugendhilfe (Jugend\u00e4mter) ist die P\u00e4dagogische Lernhilfe ein Hilfsangebot f\u00fcr Kinder und Jugendliche mit schulischen Problemen mit unterschiedlichen Ursachen. So gehen Probleme in der Schule oft einher mit massiven Verhaltensst\u00f6rungen. Durch intensive Einzelbetreuung des Kindes\/Jugendlichen in Form von mehrfach w\u00f6chentlich stattfindenden Kontakten werden Probleme im Leistungsbereich, Vorbereitungen auf Klassenarbeiten,&hellip; <br \/> <a class=\"read-more\" href=\"https:\/\/www.dksb-wesel.de\/index.php\/paedagogische-lernhilfe-plh\/\">Read more<\/a><\/p>\n","protected":false},"author":1,"featured_media":0,"parent":0,"menu_order":0,"comment_status":"closed","ping_status":"closed","template":"pro\/page-templates\/landing-page.php","meta":{"footnotes":""},"class_list":["post-380","page","type-page","status-publish","hentry"],"_links":{"self":[{"href":"https:\/\/www.dksb-wesel.de\/index.php\/wp-json\/wp\/v2\/pages\/380","targetHints":{"allow":["GET"]}}],"collection":[{"href":"https:\/\/www.dksb-wesel.de\/index.php\/wp-json\/wp\/v2\/pages"}],"about":[{"href":"https:\/\/www.dksb-wesel.de\/index.php\/wp-json\/wp\/v2\/types\/page"}],"author":[{"embeddable":true,"href":"https:\/\/www.dksb-wesel.de\/index.php\/wp-json\/wp\/v2\/users\/1"}],"replies":[{"embeddable":true,"href":"https:\/\/www.dksb-wesel.de\/index.php\/wp-json\/wp\/v2\/comments?post=380"}],"version-history":[{"count":4,"href":"https:\/\/www.dksb-wesel.de\/index.php\/wp-json\/wp\/v2\/pages\/380\/revisions"}],"predecessor-version":[{"id":503,"href":"https:\/\/www.dksb-wesel.de\/index.php\/wp-json\/wp\/v2\/pages\/380\/revisions\/503"}],"wp:attachment":[{"href":"https:\/\/www.dksb-wesel.de\/index.php\/wp-json\/wp\/v2\/media?parent=380"}],"curies":[{"name":"wp","href":"https:\/\/api.w.org\/{rel}","templated":true}]}}