{"id":23,"date":"2020-01-15T10:31:53","date_gmt":"2020-01-15T09:31:53","guid":{"rendered":"https:\/\/dksb.bankiva.de\/?page_id=23"},"modified":"2024-04-29T22:04:45","modified_gmt":"2024-04-29T20:04:45","slug":"impressum","status":"publish","type":"page","link":"https:\/\/www.dksb-wesel.de\/index.php\/impressum\/","title":{"rendered":"Impressum"},"content":{"rendered":"\n<p><strong>Der Kinderschutzbund Ortsverband Wesel e.V. <\/strong><br> Gro\u00dfer Markt\u00a07 <br> 46483 Wesel<\/p>\n\n\n\n<figure class=\"wp-block-table\"><table><tbody><tr><td><strong>Telefon:<\/strong><\/td><td>0281 \/ 3 39 50 \u2013 0<\/td><\/tr><tr><td><strong>Fax: <\/strong><\/td><td>0281 \/ 3 39 50 \u2013 25<\/td><\/tr><tr><td><strong>E-Mail: <\/strong><\/td><td>verwaltung@dksb-wesel.de<\/td><\/tr><\/tbody><\/table><\/figure>\n\n\n\n<p><strong>B\u00fcrozeiten:<\/strong> Montag bis Freitag 9:00 \u2013 12:00 Uhr<\/p>\n\n\n\n<p><strong>Vertreten durch <\/strong><\/p>\n\n\n\n<p>Katrin Bremkens<br><\/p>\n\n\n\n<p><strong>Eingetragen im Vereinsregister<\/strong><\/p>\n\n\n\n<p>Vereinsregister-Nr. VR 30436 <br> Amtsgericht Duisburg<\/p>\n\n\n\n<p><strong>Bildnachweis: <\/strong><\/p>\n\n\n\n<p>Collection Of Family Silhouettes \u00a9 <a href=\"http:\/\/de.fotolia.com\/id\/9630953\">Pawel Nowik<\/a> #9630953 &#8211; Fotolia.com <br> One hundred isolated silhouettes of parents and children \u00a9 <a href=\"http:\/\/de.fotolia.com\/id\/9967187\">Rey Kamensky<\/a> #9967187 &#8211; Fotolia.com <br> Family5 \u00a9 <a href=\"http:\/\/de.fotolia.com\/id\/20179062\">aleksander1<\/a> #20179062 &#8211; Fotolia.com<\/p>\n\n\n\n<p>Pixabay<\/p>\n\n\n\n<p><\/p>\n\n\n\n<h2 class=\"wp-block-heading\">Haftungsausschluss (Disclaimer)<\/h2>\n\n\n\n<p><strong>Haftung f\u00fcr Inhalte<\/strong><\/p>\n\n\n\n<p>Als Diensteanbieter sind wir gem\u00e4\u00df \u00a7 7 Abs.1 TMG f\u00fcr eigene Inhalte \nauf diesen Seiten nach den allgemeinen Gesetzen verantwortlich. Nach \u00a7\u00a7 8\n bis 10 TMG sind wir als Diensteanbieter jedoch nicht verpflichtet, \n\u00fcbermittelte oder gespeicherte fremde Informationen zu \u00fcberwachen oder \nnach Umst\u00e4nden zu forschen, die auf eine rechtswidrige T\u00e4tigkeit \nhinweisen. Verpflichtungen zur Entfernung oder Sperrung der Nutzung von \nInformationen nach den allgemeinen Gesetzen bleiben hiervon unber\u00fchrt. \nEine diesbez\u00fcgliche Haftung ist jedoch erst ab dem Zeitpunkt der \nKenntnis einer konkreten Rechtsverletzung m\u00f6glich. Bei Bekanntwerden von\n entsprechenden Rechtsverletzungen werden wir diese Inhalte umgehend \nentfernen.<\/p>\n\n\n\n<p><strong>Haftung f\u00fcr Links<\/strong><\/p>\n\n\n\n<p>Unser Angebot enth\u00e4lt Links zu externen Webseiten Dritter, auf deren \nInhalte wir keinen Einfluss haben. Deshalb k\u00f6nnen wir f\u00fcr diese fremden \nInhalte auch keine Gew\u00e4hr \u00fcbernehmen. F\u00fcr die Inhalte der verlinkten \nSeiten ist stets der jeweilige Anbieter oder Betreiber der Seiten \nverantwortlich. Die verlinkten Seiten wurden zum Zeitpunkt der \nVerlinkung auf m\u00f6gliche Rechtsverst\u00f6\u00dfe \u00fcberpr\u00fcft. Rechtswidrige Inhalte \nwaren zum Zeitpunkt der Verlinkung nicht erkennbar. Eine permanente \ninhaltliche Kontrolle der verlinkten Seiten ist jedoch ohne konkrete \nAnhaltspunkte einer Rechtsverletzung nicht zumutbar. Bei Bekanntwerden \nvon Rechtsverletzungen werden wir derartige Links umgehend entfernen.<\/p>\n\n\n\n<p><strong>Urheberrecht<\/strong><\/p>\n\n\n\n<p>Die durch die Seitenbetreiber erstellten Inhalte und Werke auf diesen  Seiten unterliegen dem deutschen Urheberrecht. Die Vervielf\u00e4ltigung,  Bearbeitung, Verbreitung und jede Art der Verwertung au\u00dferhalb der  Grenzen des Urheberrechtes bed\u00fcrfen der schriftlichen Zustimmung des  jeweiligen Autors bzw. Erstellers. Downloads und Kopien dieser Seite  sind nur f\u00fcr den privaten, nicht kommerziellen Gebrauch gestattet.  Soweit die Inhalte auf dieser Seite nicht vom Betreiber erstellt wurden,  werden die Urheberrechte Dritter beachtet. Insbesondere werden Inhalte  Dritter als solche gekennzeichnet. Sollten Sie trotzdem auf eine  Urheberrechtsverletzung aufmerksam werden, bitten wir um einen  entsprechenden Hinweis. Bei Bekanntwerden von Rechtsverletzungen werden  wir derartige Inhalte umgehend entfernen.<\/p>\n","protected":false},"excerpt":{"rendered":"<p>Der Kinderschutzbund Ortsverband Wesel e.V. Gro\u00dfer Markt\u00a07 46483 Wesel Telefon: 0281 \/ 3 39 50 \u2013 0 Fax: 0281 \/ 3 39 50 \u2013 25 E-Mail: verwaltung@dksb-wesel.de B\u00fcrozeiten: Montag bis Freitag 9:00 \u2013 12:00 Uhr Vertreten durch Katrin Bremkens Eingetragen im Vereinsregister Vereinsregister-Nr. VR 30436 Amtsgericht Duisburg Bildnachweis: Collection Of Family Silhouettes \u00a9 Pawel Nowik&hellip; <br \/> <a class=\"read-more\" href=\"https:\/\/www.dksb-wesel.de\/index.php\/impressum\/\">Read more<\/a><\/p>\n","protected":false},"author":1,"featured_media":0,"parent":0,"menu_order":0,"comment_status":"closed","ping_status":"closed","template":"","meta":{"footnotes":""},"class_list":["post-23","page","type-page","status-publish","hentry"],"_links":{"self":[{"href":"https:\/\/www.dksb-wesel.de\/index.php\/wp-json\/wp\/v2\/pages\/23","targetHints":{"allow":["GET"]}}],"collection":[{"href":"https:\/\/www.dksb-wesel.de\/index.php\/wp-json\/wp\/v2\/pages"}],"about":[{"href":"https:\/\/www.dksb-wesel.de\/index.php\/wp-json\/wp\/v2\/types\/page"}],"author":[{"embeddable":true,"href":"https:\/\/www.dksb-wesel.de\/index.php\/wp-json\/wp\/v2\/users\/1"}],"replies":[{"embeddable":true,"href":"https:\/\/www.dksb-wesel.de\/index.php\/wp-json\/wp\/v2\/comments?post=23"}],"version-history":[{"count":7,"href":"https:\/\/www.dksb-wesel.de\/index.php\/wp-json\/wp\/v2\/pages\/23\/revisions"}],"predecessor-version":[{"id":859,"href":"https:\/\/www.dksb-wesel.de\/index.php\/wp-json\/wp\/v2\/pages\/23\/revisions\/859"}],"wp:attachment":[{"href":"https:\/\/www.dksb-wesel.de\/index.php\/wp-json\/wp\/v2\/media?parent=23"}],"curies":[{"name":"wp","href":"https:\/\/api.w.org\/{rel}","templated":true}]}}